ions digit of 639304341?
6
What is the ten thousands digit of 2393202561?
0
What is the units digit of 88291266?
6
What is the thousands digit of 1218920431?
0
What is the thousands digit of 76617232?
7
What is the thousands digit of 11095184?
5
What is the hundred millions digit of 168144414?
1
What is the units digit of 4944025?
5
What is the millions digit of 278085945?
8
What is the thousands digit of 40144707?
4
What is the thousands digit of 16984305?
4
What is the billions digit of 1876784213?
1
What is the ten thousands digit of 154146805?
4
What is the tens digit of 419569971?
7
What is the ten millions digit of 52936826?
5
What is the units digit of 34098430?
0
What is the hundred thousands digit of 66300362?
3
What is the hundred thousands digit of 12545033?
5
What is the thousands digit of 29285102?
5
What is the ten thousands digit of 499390682?
9
What is the hundred millions digit of 1800863428?
8
What is the ten millions digit of 773294076?
7
What is the hundreds digit of 973042514?
5
What is the hundreds digit of 3099920245?
2
What is the ten thousands digit of 93480154?
8
What is the ten millions digit of 947674114?
4
What is the ten millions digit of 341449266?
4
What is the hundreds digit of 180405829?
8
What is the units digit of 155747841?
1
What is the hundreds digit of 6496421281?
2
What is the millions digit of 3506751399?
6
What is the hundred millions digit of 390422085?
3
What is the ten millions digit of 18221485?
1
What is the ten thousands digit of 254427255?
2
What is the hundred thousands digit of 17818070?
8
What is the tens digit of 49429673?
7
What is the tens digit of 241114009?
0
What is the hundreds digit of 33258653?
6
What is the hundreds digit of 241315560?
5
What is the hundreds digit of 151563723?
7
What is the hundreds digit of 34926000?
0
What is the hundred thousands digit of 7477149?
4
What is the hundred millions digit of 1028550138?
0
What is the billions digit of 1132253433?
1
What is the ten millions digit of 80181885?
8
What is the hundred thousands digit of 17306346?
3
What is the hundred millions digit of 375024212?
3
What is the hundred thousands digit of 17705919?
7
What is the thousands digit of 112834889?
4
What is the millions digit of 89082785?
9
What is the millions digit of 2345832312?
5
What is the tens digit of 320916282?
8
What is the hundred millions digit of 133951813?
1
What is the thousands digit of 1046807260?
7
What is the ten millions digit of 153895709?
5
What is the hundred thousands digit of 3216096210?
0
What is the ten millions digit of 976097304?
7
What is the hundred millions digit of 115616242?
1
What is the tens digit of 682068886?
8
What is the ten thousands digit of 382413744?
1
What is the ten millions digit of 58763584?
5
What is the millions digit of 661672226?
1
What is the hundred thousands digit of 194845430?
8
What is the thousands digit of 222029709?
9
What is the tens digit of 84720336?
3
What is the ten thousands digit of 56576735?
7
What is the ten thousands digit of 10036488?
3
What is the hundred millions digit of 3487299537?
4
What is the hundred thousands digit of 82399590?
3
What is the hundreds digit of 769522348?
3
What is the hundred millions digit of 119803011?
1
What is the ten thousands digit of 194201902?
0
What is the millions digit of 38200831?
8
What is the ten thousands digit of 72534192?
3
What is the ten millions digit of 1153461438?
5
What is the thousands digit of 260004167?
4
What is the hundreds digit of 2467432941?
9
What is the tens digit of 84377757?
5
What is the units digit of 978630324?
4
What is the hundred millions digit of 349441719?
3
What is the millions digit of 119527855?
9
What is the hundred thousands digit of 919618250?
6
What is the hundred thousands digit of 6969508025?
5
What is the thousands digit of 58991387?
1
What is the ten millions digit of 6086909993?
8
What is the millions digit of 1764287770?
4
What is the units digit of 21931681?
1
What is the hundreds digit of 2646316656?
6
What is the ten millions digit of 73880266?
7
What is the thousands digit of 47378848?
8
What is the units digit of 34290848?
8
What is the thousands digit of 1324087160?
7
What is the hundred millions digit of 896932055?
8
What is the thousands digit of 599580698?
0
What is the hundred thousands digit of 2548270873?
2
What is the thousands digit of 509159442?
9
What is the hundred thousands digit of 7233027?
2
What is the hundreds digit of 1682237743?
7
What is the tens digit of 487124665?
6
What is the hundreds digit of 1223468476?
4
What is the thousands digit of 3342946206?
6
What is the hundred millions digit of 167180305?
1
What is the units digit of 2532115343?
3
What is the units digit of 310897369?
9
What is the units digit of 1742753107?
7
What is the thousands digit of 90090489?
0
What is the ten thousands digit of 1424993022?
9
What is the ten millions digit of 227142610?
2
What is the millions digit of 56897164?
6
What is the ten millions digit of 2266021788?
6
What is the tens digit of 72935769?
6
What is the ten thousands digit of 16916282?
1
What is the units digit of 99752901?
1
What is the hundred thousands digit of 394326669?
3
What is the ten millions digit of 670997807?
7
What is the ten millions digit of 68193217?
6
What is the hundred thousands digit of 168949109?
9
What is the ten millions digit of 678253956?
7
What is the ten thousands digit of 3684400643?
0
What is the tens digit of 352352672?
7
What is the tens digit of 145813396?
9
What is the millions digit of 1101389796?
1
What is the ten millions digit of 1406126695?
0
What is the tens digit of 244836973?
7
What is the hundred millions digit of 420400745?
4
What is the millions digit of 11866617?
1
What is the ten thousands digit of 655772971?
7
What is the tens digit of 62338290?
9
What is the hundreds digit of 36580001?
0
What is the hundred millions digit of 369617639?
3
What is the ten millions digit of 1583401408?
8
What is the hundreds digit of 65951975?
9
What is the units digit of 41943536?
6
What is the units digit of 3033746922?
2
What is the ten millions digit of 30367715?
3
What is the tens digit of 991802844?
4
What is the tens digit of 102153659?
5
What is the hundreds digit of 207633098?
0
What is the hundred millions digit of 281024469?
2
What is the ten thousands digit of 3467393254?
9
What is the millions digit of 834140081?
4
What is the millions digit of 7500468?
7
What is the ten millions digit of 32057658?
3
What is the hundreds digit of 31070681?
6
What is the ten thousands digit of 89840144?
4
What is the tens digit of 10538646?
4
What is the millions digit of 549554810?
9
What is the hundred thousands digit of 231556835?
5
What is the units digit of 78702108?
8
What is the ten thousands digit of 55634807?
3
What is the millions digit of 139844523?
9
What is the ten thousands digit of 80634388?
3
What is the hundreds digit of 418130843?
8
What is the units digit of 419579452?
2
What is the units digit of 102928677?
7
What is the ten millions digit of 496333804?
9
What is the hundred millions digit of 3377067029?
3
What is the millions digit of 83393327?
3
What is the thousands digit of 28474180?
4
What is the tens digit of 972158061?
6
What is the tens digit of 63036534?
3
What is the thousands digit of 973912953?
2
What is the tens digit of 188086152?
5
What is the tens digit of 255778286?
8
What is the millions digit of 39086453?
9
What is the thousands digit of 698331276?
1
What is the hundred thousands digit of 295790625?
7
What is the hundred thousands digit of 692825646?
8
What is the thousands digit of 319598164?
8
What is the millions digit of 234043435?
4
What is the units digit of 17145248?
8
What is the units digit of 122693209?
9
What is the tens digit of 171339598?
9
What is the units digit of 50392024?
4
What is the thousands digit of 189744441?
4
What is the ten thousands digit of 1941378864?
7
What is the hundreds digit of 1442584060?
0
What is the units digit of 1388140520?
0
What is the hundred millions digit of 440940643?
4
What is the ten millions digit of 90396000?
9
What is the hundreds digit of 133110048?
0
What is the ten millions digit of 177176722?
7
What is the hundred thousands digit of 1077613